common factor of m and j?
3
Let v be 11/4*((-5 - -2) + 7). Let r = v + 31. Calculate the greatest common factor of r and 6.
6
Let n(t) = -5*t - 93. Let u be n(-30). What is the greatest common divisor of 456 and u?
57
Let b = -62 + 60. Let i be (108/(-30) - -3)/(b/20). Calculate the greatest common factor of i and 66.
6
Let d = 24 + -21. Suppose d*a - 16 = 17. Calculate the highest common factor of a and 99.
11
Suppose -x = -9 - 17. Let v = 61 - -45. Let u = 288 - v. Calculate the greatest common factor of x and u.
26
Suppose 3*c - 4*d = 2*c, 3*c + 3*d - 30 = 0. Let f be (2/6 + -1)*-3. Suppose f*x = -3 + 7. What is the highest common factor of c and x?
2
Let v be 1/(-3) + 310/(-6) + 2. Let f = -45 - v. What is the greatest common divisor of 55 and f?
5
Let a(r) = 9*r**2 - 2*r - 2. Let o be a(-1). Suppose j + 9 = -2*d, 3*j = d + 2*d + o. Let y be (9/(-15))/(j/15). Calculate the highest common factor of 3 and y.
3
Suppose 2*k + 2*i = -4 - 8, 3*k = 4*i - 4. Suppose 0 = 10*l + 6 + 14. Let w be (l - (-76)/(-8))*k. Calculate the greatest common divisor of w and 115.
23
Suppose 0 = -3*f + f + 96. Let w be (-70)/(-2 + -1 + 1). Suppose 3*r + 0*d = d + 95, -r = 3*d - w. Calculate the highest common factor of r and f.
16
Let k(c) = 42*c**3 + c**2 + 17*c - 38. Let b be k(2). What is the highest common factor of b and 6?
6
Let w = 105 + 443. What is the greatest common divisor of w and 4?
4
Suppose -7*u + 120 = 8*u. Suppose -4*y - 2*z = 2, -7*z - 5 = -2*z. Suppose x - 2 + 0 = y. What is the greatest common divisor of x and u?
2
Let g be 54/12 - (-4)/(-8). Let b = 17 + g. Calculate the greatest common divisor of b and 21.
21
Let d = 3 + -5. Let g(r) = r**2 - 2*r. Let h be g(d). Let z be ((-16)/(-6) + 0)/((-74)/(-555)). What is the highest common factor of z and h?
4
Suppose 3*f = 352 + 323. Let g = f + -117. Calculate the greatest common factor of g and 72.
36
Let r(v) = 7*v - 1 - 9*v - 7 + 5*v**2 + 4*v. Let l be r(3). What is the highest common divisor of l and 215?
43
Suppose 77*u = 76*u + 488. What is the highest common factor of 8 and u?
8
Let h = 6839 + -6630. Let n(w) = 2*w + 4 + 6*w**2 + w**3 - 3 - 3. Let k be n(-3). What is the greatest common divisor of h and k?
19
Suppose -19*i + 159 = -753. Calculate the greatest common factor of i and 30.
6
Let j(b) = b**2 + 2*b + 21. Let d be j(7). What is the highest common factor of d and 20?
4
Let s be (6/(-8) + 1)/(32/128). Let u = 63 + -56. Calculate the highest common factor of s and u.
1
Let w = 979 + -781. What is the greatest common factor of 121 and w?
11
Suppose -59*j = -63*j + 304. What is the greatest common divisor of 19 and j?
19
Let v = -5 + 8. Let y be 3/((-6)/4 + v). What is the greatest common divisor of y and 18?
2
Let w = -2311 + 2321. Suppose -113 = -4*q + 215. Suppose 268 = 5*c - q. Calculate the highest common factor of c and w.
10
Let a = -4 + -3. Let z be 1 + a/((-14)/32). What is the highest common factor of 17 and z?
17
Let p = -6 - -30. Suppose -2*l = -4*h + 14, -2*l + 4 + 7 = h. Suppose -3 - l = -n. What is the greatest common divisor of p and n?
6
Let o(w) = -w**2 - 2*w - 2*w + 0 + 4 - 2*w. Suppose j + j = 5*y + 30, -16 = -y - 4*j. Let u be o(y). Calculate the highest common factor of 30 and u.
6
Suppose -14*z = -5*z. Suppose z = -q + 67 - 7. Calculate the highest common factor of 3 and q.
3
Suppose -5*l + 2644 = 4*t, 130*t = 133*t + 12. What is the greatest common factor of l and 112?
28
Let u = -9 - -11. Suppose g - 3 = w, 5*g - u*w = -0*g + 12. What is the highest common divisor of 10 and g?
2
Let r be 1596/48 + 1/(-4) + 5. Calculate the greatest common divisor of 19 and r.
19
Suppose 7*d - 11 = 38. Calculate the highest common divisor of d and 189.
7
Let o = -303 - -334. Calculate the greatest common divisor of o and 341.
31
Let m be 4/(-14) + (-208)/(-91). Suppose m*c - 305 + 129 = 0. Let w be 6/(-21) - c/(-14). What is the highest common factor of w and 18?
6
Suppose 4*u = -22*u + 572. What is the greatest common factor of u and 143?
11
Let m be 6 + -220*13/(-2). What is the greatest common factor of m and 4?
4
Let u = 1208 - 1180. Calculate the greatest common factor of u and 4.
4
Suppose -257*y = -509*y + 258*y - 96. Suppose 12 = b + d - 17, -3*b - 2*d = -90. Calculate the greatest common divisor of b and y.
16
Suppose -6*r = -8*r + 550. Calculate the greatest common factor of 55 and r.
55
Suppose 0 = 13*t - 384 - 84. Calculate the highest common divisor of 639 and t.
9
Let b = 19 - 17. Suppose 2*c + b*o - 148 = 0, -5*o = c + c - 160. What is the highest common factor of 10 and c?
10
Let p(k) = 79*k + 29. Let w be p(3). What is the greatest common divisor of w and 152?
38
Let p(t) = -t**3 + 14*t**2 + 22*t - 2. Let h be p(-2). Calculate the highest common factor of 4 and h.
2
Let l be ((-336)/(-384))/((-3)/(-24)). What is the highest common factor of 847 and l?
7
Suppose -3*x + 14 = -16. Let i = 10 - x. Suppose 5 = d + 3*a - i, -30 = -2*d + 4*a. Calculate the greatest common factor of d and 55.
11
Suppose 3*s - 96 = 4*p, -2*p + 4*s = -7*p - 89. Let j be p/14 - 525/(-2). What is the greatest common factor of j and 29?
29
Let x = 235 - 234. Calculate the highest common factor of 2 and x.
1
Let x = -41 - -23. Let q be (-1272)/x - 4/6. What is the highest common divisor of 42 and q?
14
Let d = -27 + 85. What is the greatest common divisor of d and 174?
58
Suppose 44*l = -22*l + 29700. What is the highest common factor of l and 5?
5
Let d be ((-6)/(-18))/(2/54*1). Suppose d*t - 2*t = 532. Calculate the greatest common factor of t and 114.
38
Let t be ((-41)/(-4))/((-6)/(-24)). Let p be 2/(t/39 - 1). Suppose 18 = 2*h + 4*y, -39*h - 31 = -42*h - 4*y. Calculate the greatest common factor of h and p.
13
Let t(k) = k**2 + 1. Let w be t(-3). Let r = -685 - -705. What is the highest common factor of w and r?
10
Let u(b) = b**2 - b - 6. Let f be (-2)/6 + (-111)/(-9). Let i be u(f). Let x = 225 - i. What is the greatest common divisor of x and 11?
11
Suppose 0 = 8*y - 0*y - 2840. Suppose 0*a - 325 = -5*l - 5*a, -y = -5*l + a. Suppose -10 = -i + 4. What is the highest common divisor of l and i?
14
Suppose -2*u + c - 2*c = 3, c = -3*u - 7. Let k be u*(3 - 2) + 28. Calculate the greatest common factor of k and 8.
8
Let g be (-6)/3*1 - -55. Suppose 4*c + g = 233. Let b = -43 - -48. What is the highest common divisor of c and b?
5
Let b be (103/3 - -3)/((-1)/(-3)). Calculate the highest common divisor of 7 and b.
7
Let b be (-6 - -9)/(-2 + 303/150). Suppose -9*g = -4*g - b. Calculate the greatest common divisor of g and 120.
30
Suppose -3*n + 1075 = -1133. What is the greatest common divisor of n and 32?
32
Let d(f) = f**2 + 6*f + 2. Let m be d(-4). Let w(k) = -k**2 - 9*k - 8. Let h be w(m). Let o = 161 + -141. Calculate the greatest common divisor of o and h.
10
Let n = -1823 + 2300. Calculate the highest common factor of 371 and n.
53
Suppose 27*j - 544 = 10*j. Let o = 4 - 0. Suppose 0 = -o*k - 2 + 34. Calculate the highest common divisor of k and j.
8
Suppose -2*u - 84 = -0*u. Let i = -29 - u. Let b = i + -5. What is the highest common factor of b and 40?
8
Let n = -208 + 527. Suppose u - n = -3*o + 405, 4*u = -5*o + 1202. Calculate the highest common factor of 22 and o.
22
Suppose -3*c = -4*l + 921, 444 = 3*l - 2*c - 248. What is the greatest common factor of 36 and l?
18
Suppose -2*f = -2*p + 140, -8 = p + 4*f - 68. Let s = 0 - -17. Calculate the highest common divisor of s and p.
17
Let l(s) = -s - 16. Let h be l(-8). Let j = -4 - h. Let n be 14531/77 + j/14. What is the greatest common factor of 21 and n?
21
Let c be (-2)/3*-3 - (-176)/4. What is the highest common factor of 368 and c?
46
Let g(i) = -5*i + 9. Let m be g(-2). What is the highest common divisor of 152 and m?
19
Suppose -3*f - 4*z + 3018 = 0, 4*z - 5 + 17 = 0. Calculate the greatest common factor of f and 40.
10
Suppose 0 = -c - 4*y, 0*c - 5*c - 4*y = 0. Suppose -68 = -m - 2*z, c = -5*m + 4*z + 147 + 165. What is the greatest common divisor of 8 and m?
8
Let p be 1/4 + 127/4. Suppose 0 = 18*m - 22*m + 52. Suppose -12*h + m*h - 8 = 0. What is the highest common factor of h and p?
8
Let u = 797 + -465. What is the greatest common factor of u and 415?
83
Suppose p = 2 - 1. Suppose 0 = 67*x - 81*x + 14. Calculate the hig